t of q(10)?
7
Let z = 10368 - 6155. What is the tens digit of z?
1
Suppose 3*m + 14059 = 3*w - 1409, 0 = 4*w + 5*m - 20606. What is the units digit of w?
4
Suppose -17*g + 15*g - 3*v - 7 = 0, 5*g + 5*v = -5. Suppose -x + 635 = g*t, -3*t + 3*x + 480 = -0*x. What is the units digit of t?
9
Let r be 3*(-56)/35*10/(-12). What is the hundreds digit of 6/3*107 + r + -1?
2
Suppose 213 = 12*b - 99. Let p = -62 + b. Let q = 37 + p. What is the units digit of q?
1
What is the thousands digit of 482/(-8)*(-52 - (-21 + 25))?
3
Suppose 30827 = 5*n + 4*w, -6*n - 10364 = 4*w - 47358. What is the thousands digit of n?
6
Let d(n) = 4*n**2 + 5*n - 9. Let b be d(9). Suppose -2*t + 2*y = -6*t + b, t - 90 = y. Suppose -7*p + t = -2*p. What is the units digit of p?
8
Let h be (9 - 8) + 1 + (310 - -4 - 1). Let z be 2/2 + 29*3. What is the units digit of (z/(-10))/((-14)/h)?
8
Suppose -6*b + 6 = -6. Let f(k) = 3*k**2 - 2*k - 1. Let y be f(b). Suppose y*j - 113 = 4*j + i, -4*j + 159 = -3*i. What is the units digit of j?
6
Let n(f) = f**3 + 2*f**2 - 8*f - 6. Let l(g) = g - 3. Let h be l(0). Let t be n(h). Suppose x = -4*v + 268, 58 = v - 5*x - t. What is the tens digit of v?
6
Let d(c) = -c**3 - 3*c**2 + 34*c + 95. Let r be d(-3). Suppose 0*v - 2*v - 18 = 0. What is the units digit of (1*-104)/(r - (4 + v))?
2
Let s(x) = -x**3 + 60*x**2 - 127*x + 371. What is the thousands digit of s(57)?
2
Suppose 4*w - 6*w - 10 = 0, 0 = 2*q - 5*w - 9097. What is the units digit of q?
6
Suppose 42*n + 44 = 46*n. Suppose -1828 - 1747 = -n*x. What is the units digit of x?
5
Suppose 5*r + 33 = 4*i - 109, 2 = -r. Let d = -40 + i. Let y(b) = 2*b**2 + 3*b + 2. What is the units digit of y(d)?
9
Suppose -4*g + 8*g - 4276 = -4*s, -4*s + 5*g + 4312 = 0. Suppose -2275 = -6*q + s. What is the hundreds digit of q?
5
Suppose -a - 5*c = -3*c + 4, -5*a - c = -25. Suppose x - 2*g - 25 = 55, -5*g - 155 = -2*x. Let i = a + x. What is the tens digit of i?
9
Let i(q) = 14*q**3 + q**2 - 3*q + 3. Suppose 63*j + 2 = 65*j. Let b be i(j). What is the units digit of -2 - (-7)/((-140)/(-88))*b?
4
What is the tens digit of (3 - -6) + (-178654)/(-70)*10?
3
What is the ten thousands digit of (0 - (2 - (-82)/4))/(89/(-69242))?
1
Suppose -3*o + 164 = 5*a - a, 4*a - 20 = 0. What is the hundreds digit of 8574/8 - (-12)/o?
0
Let t(f) = -23*f - 27. Let r(v) = v**2 - 3*v - 18. Let p be r(6). Suppose 2*i + 14 = -3*d - 12, 4*d - i + 42 = p. What is the hundreds digit of t(d)?
2
What is the thousands digit of -11432*(3 + 814/(-264))*(-6)/(-2)?
2
Suppose 3 = -42*i + 43*i. Suppose 0 = -4*r - i*a + 305, 3*a + 55 = r - 10. Suppose -h = -85 - r. What is the hundreds digit of h?
1
Let n(d) = 99*d - 13 + 115*d - 161*d. What is the hundreds digit of n(19)?
9
Let y = -47618 + 74860. What is the tens digit of y?
4
What is the hundreds digit of (-230)/(-1035) + (-265676)/(-18)?
7
Suppose 18*s - 10 = 16*s. Suppose -a = 2*a + s*i - 975, 4*a = -i + 1317. What is the tens digit of a?
3
Let s(m) = -5*m**3 - 3*m**2 - 46*m + 322. What is the ten thousands digit of s(-15)?
1
Let i(g) = -10*g**3 - 5*g**2 - 24*g - 47. Let t be i(-7). Suppose -4*w = 5*z + t - 8313, 5*z - 4*w = 5023. What is the thousands digit of z?
1
Let q(z) = z**3 - 11*z + 11. Let g be q(10). Suppose 4*b + b - 1525 = 3*w, 3*b - g = -w. What is the units digit of b?
2
Let q be -43 + 0 + 2/(-4 + 2). Let d be (-11)/q + 1/((-4)/(-291)). Suppose 0*g + 2*v = 4*g - 202, -g - 4*v = -d. What is the units digit of g?
3
Let w = -39 + 89. What is the units digit of -528*(w/15 - 4)?
2
Let l be 6/(-4)*(-1400)/(-210). What is the units digit of (7932/(-30) - 6)/(4/l)?
6
Let c(m) = 2*m**2 + 19*m - 122. Let z be c(-20). Suppose -3*q - z = -3628. What is the tens digit of q?
1
Let j be (2/12 - (-50)/(-12))*-1. Suppose j - 659 = -5*h. What is the hundreds digit of h?
1
Let p = 76 + -67. Suppose 0 = -p*a + 1889 + 1108. Suppose -3*v - 3*q = -a, -4*v + 439 = 3*q - 0*q. What is the tens digit of v?
0
Let o be ((-1 - 92)/(-1))/(1/(-9)). Let z = o - -581. Let k = 370 + z. What is the tens digit of k?
1
Let o be (1 - 5/3)/((-26)/2067). Let k = o - -74. Suppose 0 = -5*p + k + 28. What is the units digit of p?
1
Let h(f) = f**2 - 4*f - 22. Let n be h(7). Let g be (126/(-49) + 6/(-14))*n. Suppose -822 = -g*m - 3*m. What is the tens digit of m?
3
Suppose 295*o - 3*r = 290*o + 33959, 3*o = -r + 20381. What is the tens digit of o?
9
Let z(r) = 1832*r**2 + r - 299. What is the tens digit of z(7)?
7
Let b(p) = -12*p**3 + 2*p**2 + 12*p + 26. Let y = -514 - -511. What is the units digit of b(y)?
2
Suppose -3*a - 3*i + 79835 + 46738 = 0, -168752 = -4*a + 2*i. What is the tens digit of a?
8
Suppose 4*r - 5*s = 92079, -10694 = -r - 4*s + 12331. What is the units digit of r?
1
Let v(b) be the second derivative of -b**5/5 + 19*b**4/6 - 9*b**2/2 + 112*b - 2. What is the units digit of v(7)?
1
Suppose 50*d = -8*d + 7508 + 7398. What is the tens digit of d?
5
Let m be 6/((1 - 0 - 3) + 3). Suppose -5*h - 2 = -m*h. What is the units digit of (h - 4172/(-44)) + (-4)/(-22)?
7
Suppose 3*h + 2*y = -6, -3*y + 5*y + 6 = 3*h. Suppose h = x - 385 + 89. What is the units digit of x?
6
Let g = -569 + 1023. What is the tens digit of g?
5
Let s(b) = b**2 - 5*b - 29. Let t be s(7). Let u = t - -107. What is the units digit of u?
2
Let h(s) = s**3 + 12*s**2 + 4*s - 17. Let d be h(-10). Let n = d - 139. Suppose -w = m - 10, -65 = -8*w + n*w + m. What is the units digit of w?
5
Let n(t) = t - t**2 + 8*t + t - 29 + 7*t. Let j be n(15). What is the units digit of j*(-3 - (1 - 27))?
3
Suppose -17367 = -r - 4*c, -98*r - 3*c = -101*r + 52101. What is the ten thousands digit of r?
1
Suppose l - 5*b - 1 - 16 = 0, 2*l + 2 = -2*b. Suppose 0*r = -r + l. Suppose 4*h - h = 2*k + 130, r*k + 170 = 4*h. What is the units digit of h?
0
Let z(f) = 6*f**3 - 28*f**2 + 107*f + 44. What is the ten thousands digit of z(19)?
3
What is the units digit of -1 - (-10 + -7)*437?
8
Suppose 2*w = 3*l + 980 + 507, -3*w = 4*l - 2239. Suppose 4*a - 5*r = w, -2*a + 339 = 4*r - 53. What is the units digit of a?
0
Suppose -2 - 10 = -4*p. Suppose p*z + 6*z - 13005 = 0. What is the thousands digit of z?
1
Let b(i) = 192*i**2 - 27*i - 11. What is the tens digit of b(5)?
5
What is the hundreds digit of (5/(-10))/(15/(-12))*204945?
9
Let s = 136 + -113. Suppose 807 = i - 2*q, -s*i + 4020 = -18*i - 5*q. What is the hundreds digit of i?
8
Suppose -5*b + 9*j + 44533 = 5*j, 2*b = -2*j + 17806. What is the tens digit of b?
0
Suppose 2*h - m = 5*h - 130, 3*h - 4*m - 110 = 0. Let d be h/105*(-1390)/(-4). Suppose -3*b + d = -350. What is the hundreds digit of b?
1
Let n(l) = l**2 + 3*l. Let m be n(-4). Suppose 5*w = -m*d + 1215, 4*w + 6*d = d + 972. What is the tens digit of w?
4
Suppose 8*p - 13*p - 60 = 0. Let x = 14 - 20. What is the units digit of (-321)/p + x/(-24)?
7
Let t be 13274/(9*(-2)/(-18)). Suppose -22*m + t + 1576 = 0. What is the units digit of m?
5
Let g be (-994)/18 - 20/(-90). Let y = 66 + g. Let v(l) = l**3 - 12*l**2 + 10*l + 12. What is the units digit of v(y)?
1
What is the hundreds digit of ((-17)/3)/(-17)*39189?
0
Let t(y) = 44*y**2 - 17. Suppose -96 = 13*r + 11*r. What is the hundreds digit of t(r)?
6
Let y(f) = -f**3 + 5*f**2 + 11*f - 23. Let a be y(5). Suppose 25*p - a*p + 924 = 0. What is the units digit of p?
2
Let w be 6/(-4) + (-35)/(-10). Suppose -81 = w*z - 275. What is the units digit of z?
7
Let c(f) = -1235*f - 2007. What is the thousands digit of c(-8)?
7
Suppose 7*z = 11*z + 5*s - 68627, -2*z - s = -34303. What is the hundreds digit of z?
1
Let n = 11693 - -6626. What is the units digit of n?
9
Suppose -o = -3*a + 4804, -4*o = 5*a - 9*a + 6400. What is the tens digit of a?
0
Let z(g) = 2*g + 49. Let i be z(-22). Suppose i*u + 547 = 2*j, 5*j = 3*u - 7*u + 1417. What is the tens digit of j?
8
Let w(i) = 68*i**2 + 24*i - 74. What is the hundreds digit of w(6)?
5
Let q = -14 - -20. Let z(c) = -19*c**2 - 61*c - 1. Let t(b) = 4*b**2 + 15*b. Let w(j) = 9*t(j) + 2*z(j). What is the units digit of w(q)?
4
Suppose 231*w - 195*w - 311580 = 0. What is the tens digit of w?
5
Let w = -147574 - -221474. What is the units digit of w?
0
Let u = 76 - 74. Suppose 3*z - 2*h = -0*z + 360, 5*z - 600 = -u*h. Let a = z + -40. What is the tens digit of a?
8
Suppose 32